ose -10*u + 2640 = -2700. What is the remainder when u is divided by 178?
0
Let f(a) = -a**2 - 9*a + 24. Let u be f(-10). Calculate the remainder when (22*u/16)/((-5)/(-20)) is divided by 20.
17
Suppose -c - 11 = 7. Let a be 18/81 + 22/c. Calculate the remainder when 31 is divided by 4/4 - (-15 + a).
14
Let m(z) = -2*z + 20. Let v be m(6). Suppose v*h - 6*h - 76 = 0. Suppose -3*p + 15 = -15. Calculate the remainder when h is divided by p.
8
Let o = -2 + 4. Let l(w) = -w**3 - 35*w**2 - 23*w + 423. What is the remainder when l(-34) is divided by o/1*50/4?
24
Let s(k) be the third derivative of -k**4/12 + k**3 + 11*k**2. What is the remainder when 88 is divided by s(-6)?
16
Let n(j) = -3*j**2 + 24*j - 5. What is the remainder when 140 is divided by n(7)?
12
Calculate the remainder when 86 is divided by -5*(-2)/8*(-188)/(-5).
39
Let w = -39 + 101. Suppose w = 4*l - 2. Calculate the remainder when 46 is divided by l.
14
Suppose 0 = 3*a - 3*d, -2*a - 12 = -6*a - 2*d. Suppose 2*y + a = 110. Suppose 74 = 5*i + 4*t, t - 4 - 39 = -3*i. Calculate the remainder when y is divided by i.
12
Let h be (2/3)/(6/27). Let p(i) = i**3 - 4*i**2 + 7*i - 6. What is the remainder when 11 is divided by p(h)?
5
Let y(x) be the first derivative of -6 + 2*x + 3/2*x**2 + 2/3*x**3. Calculate the remainder when 19 is divided by y(-3).
8
Let z(c) = -13*c + 94. Calculate the remainder when 33 is divided by z(7).
0
Let w = -79 - -118. Let k = w + -31. What is the remainder when 38 is divided by k?
6
Let x(b) = b**2 - 5*b + 6. Let k(n) = 4*n - 7. Let r(p) = -3*k(p) - 2*x(p). What is the remainder when 15 is divided by r(0)?
6
Let m(s) = s**2 - 7*s + 1. Let h be m(8). Let w(g) = 3*g**2 + 2*g + 3. What is the remainder when w(-3) is divided by (-39)/h*(-2 - 1)?
11
Let j(f) = f + 20. Let n be j(-8). Let d(b) = -b + 33. What is the remainder when d(n) is divided by 11?
10
Let p(t) be the first derivative of -49*t**2/2 + 5*t + 28. Calculate the remainder when p(-1) is divided by 19.
16
Suppose 0 = -i + 3*k - 10, -5*k = 3*i - 32 - 8. Calculate the remainder when 15 is divided by i.
0
Suppose -63 = -4*p + 41. Let j = p - 20. Calculate the remainder when 15 is divided by j.
3
Suppose 39 - 23 = 2*f. Let i be ((-12)/f)/((-2)/4). Calculate the remainder when 13 is divided by (i*-1)/((-9)/12).
1
Suppose 2*u - q - 2 = 0, 0*u - 4*q - 8 = u. Suppose 3*w - 43 - 23 = u. Suppose -7*o + 22*o - 615 = 0. Calculate the remainder when o is divided by w.
19
Suppose 2*m - 29 - 31 = 0. Let r = 43 - m. What is the remainder when 77 is divided by r?
12
Let h(m) = 18*m**3 - m**2 + 3*m - 2. What is the remainder when h(1) is divided by 5?
3
Suppose -62*v + 1842 = -80. Let y = 250 - 167. What is the remainder when y is divided by v?
21
Suppose -455 = 506*a - 513*a. What is the remainder when a is divided by 4?
1
Let p be 1276/(-3) - (-2)/(-3). Let v = p - -726. Suppose -5*n - u + 239 = -n, -5*n - u = -v. Calculate the remainder when n is divided by 32.
29
Suppose -28 = 2*f - 88. Suppose w = f - 9. What is the remainder when 36 is divided by w?
15
Suppose 0 = 2*c - 81 - 89. Calculate the remainder when 847 is divided by c.
82
Suppose -18*d + 40 + 122 = 0. Calculate the remainder when 25 is divided by d.
7
Let j(i) = 8*i + 212. Calculate the remainder when 248 is divided by j(-16).
80
Suppose 0 = -2*m + 46 - 0. Let s = 1 + 5. Calculate the remainder when m is divided by s.
5
Let b = -6 - -9. Let u be -20*11*(-9)/6. Suppose h = b*d + 77, 4*h = -0*h + d + u. What is the remainder when h is divided by 14?
13
Let z = -39 - -62. Suppose 0 = -26*m + z*m + 135. What is the remainder when m is divided by 10?
5
Let w(g) = -g**3 - 2*g**2 + 5*g - 32. Let s = 142 - 74. What is the remainder when s is divided by w(-5)?
14
Suppose -4*o + 2*o + 3*s = -30, 3*o = s + 52. What is the remainder when 23 is divided by o?
5
Suppose -4*t - 236 = 4*f, 5*f + 19 + 6 = 0. Let o = t + 77. Calculate the remainder when 68 is divided by o.
22
Suppose 2*t = 2*b - 198, -3*b + 2*t = 6*t - 297. Calculate the remainder when b is divided by 21.
15
Let o(h) = h**3 - h**2 - 6*h + 7. Let i(g) = -2*g - 7. Let s be i(-5). Calculate the remainder when o(s) is divided by 2.
1
Let k = 23 + -21. Suppose 680 = -5*b + 3*s, k*b = 3*b - 3*s + 136. Let q = -73 - b. What is the remainder when q is divided by 16?
15
Suppose -26*z = 13*z - 858. Suppose 0*u = 2*u. Suppose u = 4*o - o - 18. What is the remainder when z is divided by o?
4
Let w(v) = -v**2 + 4*v. Let x be (3/3)/(4/12). Suppose 2*q + 2*q + 3*m + x = 0, -2*q + 26 = -4*m. Calculate the remainder when w(3) is divided by q.
0
Suppose -l - 5*h = -93, -3*l - 2*h = -4*h - 194. What is the remainder when l is divided by 23?
22
Let i(b) = -4*b + 1. Suppose -261 - 107 = -8*g. Calculate the remainder when g is divided by i(-6).
21
Let n(c) = -c + 1. Let x be n(-2). Suppose -x*m + 128 = 29. Calculate the remainder when 63 is divided by m.
30
Let d = -115 - -172. Suppose 0*v + v + d = 0. Calculate the remainder when 2/6*v/(-1) is divided by 5.
4
Let o = 1516 - 1490. What is the remainder when o is divided by 14?
12
Let o = -12 + 12. Suppose -l - 3*l = -w - 12, l - 5 = o. Let m = 17 + w. What is the remainder when m is divided by 9?
7
Let v = 6 - -5. Suppose v = 3*j - 40. What is the remainder when 82 is divided by j?
14
Suppose -9*z = -44 - 208. What is the remainder when z is divided by 15?
13
Let o(c) = 11*c + 13. Let f(x) = 6*x + 6. Let j(i) = -7*f(i) + 3*o(i). What is the remainder when j(-4) is divided by 12?
9
Let u = 441 - 98. What is the remainder when u is divided by 58?
53
Suppose 0 = 2*w + 5*y - 100, 5*y = -w + 27 + 33. What is the remainder when w is divided by 21?
19
Suppose 4*o + 0*t = -4*t + 880, -2*t - 1567 = -7*o. Calculate the remainder when o is divided by 80.
63
Let l(x) = -2*x - 5. Let i(k) = 5*k + 11. Let o(t) = -3*i(t) - 7*l(t). Let c(v) = -v**2 + 7*v - 4. Calculate the remainder when o(-21) is divided by c(5).
5
Let w = 429 - 282. Let a = w - 145. Suppose -4*d - 5*i + 3 = 0, 0 = 4*d - 6*i + i - 13. What is the remainder when d is divided by a?
0
Suppose 2*b - 3*b = -4*n - 31, -n - 34 = -2*b. Suppose b*h - 435 = 10*h. Calculate the remainder when h is divided by 33.
21
What is the remainder when 91 is divided by -1 - ((-8)/(-2) - 37)?
27
Suppose 5*x - 666 = -121. Suppose 0 = -b + 5*i + 138, -2*b + x + 155 = -4*i. What is the remainder when b is divided by 44?
40
Let v be (1*11)/(-1 - -2). Suppose 5*j - 84 + 24 = 0. Let h = j + v. Calculate the remainder when h is divided by 12.
11
What is the remainder when 236 is divided by (-18)/(252/(-350)) + (-1)/(-1)?
2
Let f(q) = -4*q**3 + 3*q**2 + 2*q + 3. Suppose 4*r = 5*r + 2. What is the remainder when f(r) is divided by 16?
11
Let p(l) = -3*l + 21. Calculate the remainder when p(-20) is divided by -2 - (-4 - -19)*-2.
25
Let w = -1238 - -1275. Let u = -162 - -270. What is the remainder when u is divided by w?
34
Let a = 153 - 59. Let f = a - 77. Calculate the remainder when 50 is divided by f.
16
Suppose 100 = 5*h + s, h + 4*h + 5*s - 120 = 0. Suppose 4*g + 2*u - 103 = 191, g + 2*u = 72. What is the remainder when g is divided by h?
17
Let d(u) = 3*u**2 + 57*u + 9. What is the remainder when 305 is divided by d(-19)?
8
Suppose -4*k + 3*m - 5*m + 34 = 0, 4*m - 24 = -4*k. Calculate the remainder when 33 is divided by k.
0
Let l be (-71)/(-1) - (2 - -2). Suppose 0 = -2*y - 3*m + l, -3*y + 5*m + 155 = 2*y. Calculate the remainder when y is divided by 11.
10
Suppose -2*k - 5*r + 42 = -29, 0 = -4*k - 3*r + 107. What is the remainder when 153 is divided by k?
15
Let n = 107 + -37. Suppose -n = 29*h - 36*h. Calculate the remainder when (-234)/(-14) - (-4)/14 is divided by h.
7
Let j(t) = -3*t - 3. Let q be j(3). Let a = 14 + q. Suppose u - a*g - 45 = 0, 7*u - 3*u - 3*g = 190. Calculate the remainder when u is divided by 25.
24
Let k = 294 + 65. What is the remainder when k is divided by 40?
39
Let i = -2078 + 2101. Suppose 8 = 5*n - 32. Let p = n + -2. Calculate the remainder when i is divided by p.
5
Suppose 114 = -3*q + 6*q. Calculate the remainder when q is divided by (29/6 - 4)*(-3 - -9).
3
Let i(t) = t**3 + 21*t**2 + 18*t - 14. Calculate the remainder when 103 is divided by i(-20).
25
Let f(c) = -5*c + 2. Let h be f(1). What is the remainder when 